m**2 - 5*m - 1. Let h(n) = 3*n**2 - 7*n + 9. Let k(y) = 11*b(y) + 6*h(y). Suppose 39*r - 75 = -36. Give k(r).
8
Let v(j) = -6*j**3 + 17*j**2 + 17*j. Let g(p) = 4*p**3 - 11*p**2 - 11*p. Let d(f) = -8*g(f) - 5*v(f). Let q(s) = 2*s**2 - 2*s - 1. Let l be q(2). Give d(l).
-18
Suppose 0 = 2*z + 2*h - 8, z - 2*h + 3 = -2*z. Let x(y) = 0*y**2 + 9*y + y**2 - 7*y - z. Determine x(1).
2
Suppose 15*a = -9*a + 8*a. Let r(l) = 5 + 1 + 4 + l. Give r(a).
10
Let i = -316 - -309. Let u(n) = -n**3 - 7*n**2 - 2*n - 7. Give u(i).
7
Let d = -10 - -12. Let o(m) = 6*m**d - 10*m**2 + m - 1 - 5*m**2. What is o(1)?
-9
Suppose -5*c = c + 84. Let z be (-26)/(-7) - 4/c. Let d(x) = -2*x + 2. Calculate d(z).
-6
Let c(s) = -5*s**2 + 2. Let f(l) = -16*l**2 + l + 7. Let q(h) = 4*c(h) - f(h). Let k(z) = z**2 + 5*z + 5. Let i be k(-4). Calculate q(i).
-4
Suppose 2*z + 0*z - 8 = 0. Let l(p) = -p**3 - 2*p**2 - 5*p. Let r(t) = -2*t**3 - 6*t**2 - 10*t. Let u(x) = 7*l(x) - 3*r(x). Determine u(z).
-20
Let g(u) = u**2 + 6*u. Suppose 5*s = -61 + 111. Let v(a) = -a**2 + 11*a - 13. Let l be v(s). What is g(l)?
-9
Let d(t) = 21*t + 13. Let u(w) = 21*w + 13. Let h(l) = -7*d(l) + 6*u(l). Let q(f) = 5*f + 3. Let i(o) = 2*h(o) + 9*q(o). Calculate i(-3).
-8
Let h(u) = -2*u**3 - 8*u**2 + 30*u + 102. Let s be h(-5). Let n(l) = -l**2 + 2*l. Give n(s).
0
Suppose -87*p - 15 = -90*p. Let w(b) = -14*b**3 - 4*b**2 - 3*b + 6. Let z(k) = k**3 + k**2 + k - 1. Let f(x) = p*z(x) + w(x). What is f(-1)?
9
Let w be (-14)/(-10) + (-6)/15. Suppose 0 = 3*d - 10 + 1. Let t(g) = -97 + 7*g**d - g + 97. Give t(w).
6
Let t(u) = -9*u**3 - 4*u**2 - 3*u + 5. Let p(d) = -18*d**3 - 7*d**2 - 5*d + 9. Let w(i) = -4*p(i) + 7*t(i). Let x = 388 + -389. What is w(x)?
-9
Let z be ((-78)/12)/((-12)/(-24)). Let i(g) = -3*g - 45. Determine i(z).
-6
Let v(l) = 3*l + 3. Let h(m) = -m + 1. Suppose 3*c = 3*j - 3, c + 3*c + 2*j = -22. Let p be h(c). Calculate v(p).
18
Suppose 1 = -n + 4*s - 4, -2*s - 11 = -5*n. Suppose -2*h = -n*h - 5. Let m(d) be the third derivative of d**5/60 + 5*d**4/24 - 60*d**2. Give m(h).
0
Let a be -8 - (-1)/(-4)*0/6. Let r(k) = -k - 4. Determine r(a).
4
Suppose -5*c + f = -19, -3*c + 3*f = -c - 18. Let z(o) be the first derivative of 2*o**2 - o - 23 - 2/3*o**3. Calculate z(c).
-7
Let a(h) be the third derivative of -h**8/2240 + h**6/720 + h**5/12 + 7*h**2. Let j(y) be the third derivative of a(y). Calculate j(1).
-8
Suppose j = -4*j + 40. Suppose -20 = -j*y + 13*y. Let a(c) = c**3 + 4*c**2 - 2*c + 4. Give a(y).
12
Let x(d) = 1 + 2*d - 3*d**2 + 2*d**2 + 2*d. Calculate x(4).
1
Let t(l) = 6 + 18*l**3 + 6*l**2 + 16*l**3 - l - 35*l**3. Give t(6).
0
Let z(v) be the second derivative of v**5/20 + v**4/12 - 2*v**3/3 - 2*v**2 - 215*v. Give z(4).
60
Let w(p) = -2*p**2 + 1. Suppose -a + 8 = 5*m, 4*m - m - 3*a = -6. Determine w(m).
-1
Suppose -5*p = 2*q - 2, 3*p + 24 = 2*q + q. Let i(l) be the third derivative of l**4/8 - 4*l**3/3 - 16*l**2. Give i(q).
10
Let n(z) = -z**3 + 7*z**2 - 10*z. Let d be n(5). Let m(g) = g + 4*g**2 - 3*g**2 - 4*g**2 + 4*g**2. What is m(d)?
0
Let h = -118 + 114. Let x(n) = -3*n - 5. Calculate x(h).
7
Let s(b) be the second derivative of b**4/12 - 7*b**3/6 + 9*b**2 + 201*b. What is s(6)?
12
Let t = -2349 + 2356. Let r(v) = v**3 - 9*v**2 + 15*v + 8. Calculate r(t).
15
Let x = -279 + 270. Let d(v) = v**2 + 8*v - 10. What is d(x)?
-1
Let i(y) be the first derivative of -y**3/3 - 7*y**2/2 - 8*y + 53. Determine i(-6).
-2
Suppose 0 = -4*d + 4 + 12. Suppose 10*z + y = 5*z + 24, d*z - y = 21. Let r(g) = g**2 - 5*g + 3. Give r(z).
3
Let f(y) = y**3 - 3*y**2 - 5*y - 4. Let k(u) = -u**2 - 7*u - 7. Let l be (-760)/180 + (-1 - (-11)/9). Let z be k(l). What is f(z)?
21
Let z(b) = b**2 - 6*b - 9. Suppose 5*u = 2*u + 6. Let l be ((-16)/(-4))/8*38. Suppose -u*v = -0*v - m - l, v = -m + 2. What is z(v)?
-2
Let f(p) be the first derivative of -p**7/210 - p**6/180 + p**4/24 - 43*p**3/3 + 29. Let l(r) be the third derivative of f(r). What is l(-1)?
3
Let s(q) = -17 + 4*q**2 - 23*q - q**2 + 3*q**2 - 17*q. Let a be s(7). Let i(d) = -d**2 - 1 - d - 2*d - 3*d. What is i(a)?
8
Let l = -10/109 + 169/654. Let t(o) be the third derivative of 3*o**2 + 0 + 1/8*o**4 + 0*o - l*o**3. What is t(-2)?
-7
Suppose 4*r - 62 = -2*h, -3*r + 31 = -2*h - 19. Suppose 0 = -4*v + 4 - 0, 5*q = -4*v - r. Let d(y) = -y**3 - 4*y**2 + 4*y. Give d(q).
-16
Let n(c) = -48*c - 46*c + 92*c. Let q(v) = 3*v + 28. Let o be q(-8). What is n(o)?
-8
Let n(j) = -14*j + 5 - 1 - 7*j + 23*j + 15. Give n(-7).
5
Let k(c) = 4*c**2 - c + 1. Let t(h) = -h**2 - 9*h + 1. Let g(q) = 2*q - 23. Let l be g(7). Let o be t(l). What is k(o)?
4
Let n(c) be the second derivative of -c**4/6 - 2*c**3/3 - c**2 - 23*c. Let d be (2 + (-7)/2)*-10. Suppose 0 = 5*x + d - 5. What is n(x)?
-2
Let v(s) = s**2 + s + 4. Suppose -3*k + f - 28 = 0, 5*k + 0*f = f - 48. Let g be 6/(-10) - 36/k. Suppose 3*p = -3*b - 0 - 12, 11 = -g*p - 2*b. Give v(p).
10
Let q(u) = -7*u**2 + 20*u + 15*u**2 - 3*u - 7*u**2 + 4. What is q(-17)?
4
Let c(l) = l**2 - 19*l - 32. Let s be c(15). Let o = s + 92. Let i(f) = -1 - f**2 - f**3 + 0 + 15. Give i(o).
14
Let g(r) = -13*r + 76. Let p be g(6). Let b(u) = 4*u + 3. What is b(p)?
-5
Let i = -94 + 114. Let r = 22 - i. Let o(w) = 2*w - 3. Determine o(r).
1
Let p(r) = r**3 - 7*r**2 + 6*r + 9. Let h(d) = 2*d**3 - 14*d**2 + 11*d + 17. Let i(x) = 3*h(x) - 5*p(x). Suppose 0*f = f - 5. Let a = 11 - f. Calculate i(a).
-12
Let b(n) be the first derivative of n**3/3 - n**2/2 - 2*n + 2. Suppose 0 = -21*c + 20 + 64. Give b(c).
10
Let d be ((-4)/(-6) - 2)/((-24)/54). Let m(n) = 3*n**d + 8*n - 13*n + 3*n**2 + 2 + 6*n. Give m(-2).
-12
Let m(v) = -56*v - 1. Let i be -1 - (-6 - (-16 - -10)). Give m(i).
55
Let m(y) = y. Suppose -2*b - 5*a = -25, a = -5*b + 24 + 4. Suppose 0*p + 9 = 2*p + 3*x, b*p - 3*x = -30. Let k be (p - -6) + -2 + -2. Determine m(k).
-1
Suppose 17*s - 9 = 8*s. Let z(f) = 44*f. Determine z(s).
44
Let c(t) = 0*t - 13 - t + 13 + 4 + 19. Determine c(8).
15
Let y(x) = 2*x**2 - x - 1. Let f = 15 + -17. Let u = f - -4. Give y(u).
5
Let c = 507 + -511. Let h(p) = 3*p + 6. Determine h(c).
-6
Let q(h) = 22 + 20*h - 19*h - 11. Calculate q(-13).
-2
Let k(a) be the first derivative of -7*a**2/2 - a + 1. Let x(m) = -m**3 + 18*m**2 - 18*m + 2. Let i be x(17). Let h be i/(-9) - ((-20)/6)/(-5). What is k(h)?
-8
Let k = -2610 - -2600. Let t(a) = -a**2 - 10*a - 7. Determine t(k).
-7
Let m(u) = 17*u - 345. Let x be m(20). Let d(z) = -z**3 - 5*z**2 + 5*z + 6. Give d(x).
-19
Let a(r) = -r**3 - 2*r**2 + r + 1. Suppose 5*c + 3*x - 65 = 0, 3*x = -2*c - 2*c + 55. Suppose -4*o + 2*z - c = 0, 0 = -2*o + 7*z - 3*z - 8. Calculate a(o).
-1
Let g(f) = 40 - 14 - 13 - 11 + f. What is g(7)?
9
Suppose 16*f = -49 - 31. Let y(o) = -o**3 - 5*o**2 - 2*o - 6. Calculate y(f).
4
Suppose -2*k = -0*k. Let l(a) = -a**3 - 2*a**2 - 5. Let u be l(-3). Suppose k = w - u + 1. Let s(n) = -4*n - 4. Give s(w).
-16
Let n be (17 - -1)*(-2)/(-6). Suppose -4*a + 14 + n = -2*c, 5*a + 4*c - 12 = 0. Let g(s) be the third derivative of s**4/24 - 2*s**2. Give g(a).
4
Let k(w) be the third derivative of -7/6*w**3 + 0*w + 1/24*w**4 - 3*w**2 + 0. Suppose 5 + 5 = 2*g - 2*u, 3*g - 13 = 5*u. Determine k(g).
-1
Let n = 95 - 54. Let i(f) = -n + 73 - f - 40. Determine i(-8).
0
Let v(o) = 2*o**2 + o + 1. Let w(n) = -5*n - 8. Let g = -22 + 17. Let c be w(g). Let z = -18 + c. Calculate v(z).
2
Let x(p) = -7 - 2*p - 1 + 8. Suppose -h - 27 = 5*f, -2*h - f + 11 = -4*f. Calculate x(h).
4
Let u(s) be the third derivative of s**4/24 - 3*s**3 + 79*s**2. Calculate u(16).
-2
Let b(i) be the third derivative of -i**4/24 - i**3/3 - 165*i**2. Determine b(-7).
5
Suppose 0 = -3*s - 2*p + 7 + 1, -30 = -5*s + 5*p. Let x(g) be the first derivative of 6*g + 1/4*g**4 + 0*g**2 - 5/3*g**3 + s. What is x(5)?
6
Let y(h) be the second derivative of -h**3/3 - 7*h**2/2 - 16*h - 2. Give y(8).
-23
Let u be (-12)/(-15)*(-15)/(-6). Suppose 3*q - 5*s = -13, -q + 24 = u*s + 2*s. Suppose a - 10 + q = 0. Let y(h) = -h + 10. Calculate y(a).
4
Let c(z) be the second derivative of z**4/12 - 7*z**3/6 - 5*z**2/2 + 208*z. Suppose 0*n = 2*n - 12. Determine c(n).
-11
Let r(c) be the first derivative of -c**4/4 + 7*c**3/3 - 3*c**2 - c - 204. Let i be (6/18)/((-1)/(-18)). Give r(i